74. What is b(h)?
17
Let q(a) = -41*a + 16*a + 39 + 48 - 7 + 21*a. What is q(14)?
24
Let w(g) = -g + 118. Let u(l) = 4*l - 288. Let d(z) = u(z) + 3*w(z). Calculate d(-28).
38
Let q = -4794 - -4791. Let f(h) = -17*h - 4. Determine f(q).
47
Let v = 287 + 269. Let x = v - 561. Let n(r) = 23*r**2 + 35*r - 8. Let j(p) = -8*p**2 - 12*p + 3. Let b(d) = -17*j(d) - 6*n(d). Calculate b(x).
-23
Let f(d) = -d**3 + 7*d**2 + 11*d - 24. Suppose -7 = k + 3*o, 0 = 379*k - 375*k - 3*o - 47. Give f(k).
0
Let v(x) be the second derivative of x**6/60 - x**5/20 - x**4/24 - x**3/6 + 43*x**2 - 10*x. Let n(r) be the first derivative of v(r). Determine n(3).
23
Let q = 25950 - 25941. Let i(t) = 2*t**2 - 6*t + 13. Give i(q).
121
Let c(k) = 13*k**2 + 87*k + 56. Let d be c(-6). Let i(h) = 17*h + 5. Give i(d).
39
Let s be (3/3)/((-2)/18). Let b(m) = 5*m**3 - 2*m**2 + 13*m + 32. Let r(y) = 8*y**3 - 6*y**2 + 25*y + 52. Let l(c) = -5*b(c) + 3*r(c). Give l(s).
-13
Let i be (-1 - 5/(-2))*(-1442)/(-309). Let t(u) = -2*u**2 + 9*u + 9. Determine t(i).
-26
Suppose -9*f = -16*f - 63. Let z be 2/f + 2116/207. Suppose u = 5*i + z, 0 = 2*u - 4*i - 7 - 7. Let j(c) = -c**3 + 5*c**2 + 2*c + 3. Give j(u).
13
Let b(v) be the first derivative of -21*v**2/2 - 24*v - 2652. Determine b(2).
-66
Let j(n) = n - 4. Let c(q) = q**2 + 3*q - 15. Let y(u) = -3*u + 9. Let m be y(5). Let b be c(m). Suppose -b*d - 15 = -21. Calculate j(d).
-2
Let v = 152 + -163. Let l(b) = -b**3 - 10*b**2 + 14*b + 26. Let a be l(v). Let q(f) = f**2 + 4*f - 17. Give q(a).
4
Let w(y) = -y**2 + 27*y. Let b be w(27). Let o(v) be the second derivative of -6*v + 0*v**3 + 0 + 0*v**4 + 7/2*v**2 + 1/20*v**5. Give o(b).
7
Suppose -11*n + 7*n = -548. Let v = 134 - n. Let b(c) = 2*c**2 + c - 3. Determine b(v).
12
Let u(o) = o**2 + 5*o. Suppose -5 = 2*i - 3, -4*r + 2*i + 1962 = 0. Suppose -10*n + 5530 = r. Let c be ((n/(-27))/(-7))/(4/(-6)). Determine u(c).
-4
Let k(i) = 3*i**3 + 47*i**2 + 48*i. Let t(q) = 16*q**3 + 235*q**2 + 241*q + 2. Let b(s) = 11*k(s) - 2*t(s). Give b(-46).
-4
Suppose -314*m + 1940 = 1626. Let k(o) be the second derivative of 3*o**3 + 2*o + 0 - 1/2*o**2. What is k(m)?
17
Let z = -327 - -471. Suppose 9*u = -15*u + z. Let g(x) = x**2 - 6*x + 1. Determine g(u).
1
Let y(j) = j**3 + 15*j**2 - 16. Let p = 94 + 201. Suppose -287*a = -p*a - 120. Determine y(a).
-16
Let i(k) = -18*k + 1571. Let q be i(88). Let t(r) = -2*r**3 - 26*r**2 - 20. What is t(q)?
-20
Suppose -2*r - 6 = -5*r. Let b(q) be the third derivative of 0*q**4 - 5 + 1/3*q**3 + 0*q + 7/60*q**5 - q**2. Give b(r).
30
Let p(u) = -u + 8. Let n(v) = 1. Let s(r) = n(r) - p(r). Let l = 15 + -10. Determine s(l).
-2
Let k be (0 + 8)*(4 - 522/116). Let o(t) be the third derivative of t**5/60 + t**4/24 - 5*t**3/6 + t**2. Determine o(k).
7
Let u(m) be the second derivative of -m**3/6 + 5*m**2/2 - 3*m - 24. Let y be -5 + 1 + 12/3. Give u(y).
5
Suppose -3*y = -5*u + 26, -u + 3*y + 2*y = -14. Suppose 49*q - 46*q + t = -1, -1 = t. Suppose q = -d - 3*d + u. Let l(g) = 4*g**3 - 2*g + 1. Determine l(d).
3
Let n be -3*(300/45 - 8). Let y(w) = -4*w**2 + 2*w - 13. What is y(n)?
-69
Let v = -103 - -102. Let x be (-1 - 3) + (v - -13). Let b(i) = -i + 7. Determine b(x).
-1
Let m(d) be the first derivative of -54 + 3*d + 2*d**2 + 2/3*d**3. Give m(-4).
19
Suppose c = -17 + 15. Let g(w) = w**3 + w**2 - w. Let h be g(c). Let b(x) be the first derivative of -x**3/3 - x**2/2 - 2*x - 1. Calculate b(h).
-4
Let m(u) be the first derivative of 9*u + 155 - 1/3*u**3 - 5/2*u**2. What is m(-7)?
-5
Let u(q) = -158 + 12*q + 54 + 105 - q**2. What is u(5)?
36
Suppose 12 = 3*c - 4*u + 1, 16 = -2*c - 2*u. Let y be 6*4*c/(-24). Let b(q) = 0 - 5*q + 4*q**2 + q**3 + 4*q - y + 2. Give b(-4).
3
Let r(t) = 9*t + 33 + 11 + 34 - 178. Calculate r(11).
-1
Suppose -2*d - 212 = 5*a, 3 = -d - 2*d. Let t(v) = -10*v**2. Let n be t(-2). Let g = n - a. Let q(r) = r**3 - 6*r**2 + 4*r - 2. Give q(g).
-10
Let y(a) be the first derivative of -a**4/4 + 4*a**3/3 + 2*a**2 + 6*a - 10. Let t be y(5). Let s = 5 + t. Let m(u) = u**3 - 6*u**2 + u - 8. What is m(s)?
-2
Let s(l) = 9*l**3 - 9*l**2 + 9*l - 75. Let c(b) = -b**3 + b**2 - b + 6. Let v(i) = 12*c(i) + s(i). What is v(3)?
-66
Let r(t) = -t**3 - 4*t**2 + 3*t + 11. Let h = 3193 + -3198. Determine r(h).
21
Let v(s) be the third derivative of 0*s + 1/120*s**6 + 5/24*s**4 - 2*s**2 - 1/10*s**5 - 2/3*s**3 - 3. Calculate v(5).
-4
Let b(z) = 102*z - 1323. Let j be b(13). Let p(m) = 9*m**2 + m + 5. Give p(j).
89
Suppose 0 = -5*v - 187 - 428. Let c = -123 - v. Let o(z) = 3*z**2 + 2*z**2 + z**3 - 2*z**2 + 10 - 4*z**2. Determine o(c).
10
Let j = -7 - -9. Let u(s) = -40*s + 45. Let b(y) be the third derivative of y**4/24 - y**3/6 - 4*y**2. Let n(q) = 90*b(q) + 2*u(q). Determine n(j).
20
Let p(f) be the second derivative of -f**5/20 + 7*f**4/12 - 3*f**3/2 + 9*f**2/2 + 4*f + 38. Let t(o) = -o + 11. Let a be t(5). What is p(a)?
-9
Let x(a) = -6*a + 3 + 5*a**2 - 2*a**2 - 2*a**2. Let t(z) = -2046*z**2 + 18411*z + 34. Let w be t(9). Determine x(w).
10
Suppose 3*u - 2891*b = -2895*b + 42, 0 = u + 3*b - 29. Let w(l) = -10*l + 1 + 3 - 2. What is w(u)?
-18
Let x(t) = -t**2 - 5*t - 1. Suppose 7*y + 221 = -3*q + 5*y, 4*y + 365 = -5*q. Let a = 74 + q. What is x(a)?
5
Let r = 1296 - 1288. Let m(l) = -6*l + 51. Calculate m(r).
3
Let r(f) = 2531*f - 2531*f - 9*f**3 + f**2. Let c be (241 + -4)*1/3. Suppose j - c = -78. Give r(j).
-8
Let g(p) = p**2 + 4*p - 3. Suppose -23 = 3*v - s, -215*v + 216*v = -5*s + 19. Give g(v).
9
Suppose -5*h - 15 = 0, -2*z - 2*h + 4 = 26. Suppose d + 93 - 577 = -5*b, -294 = -3*b + 3*d. Let v(o) = b*o**2 + 7*o - 192*o**2 - 9 + 96*o**2. What is v(z)?
-1
Let m(h) be the first derivative of h**4/4 + h**3 - 3*h**2 - 6*h + 49562. Suppose w = 0, 7*t - 3*w + 20 = 2*t. Give m(t).
2
Let m(l) = 38*l**2 + 141*l + 1046. Let a(b) = 9*b**2 + 35*b + 242. Let r(n) = -17*a(n) + 4*m(n). Determine r(-33).
4
Let g(y) = 26*y - 124. Let v(i) = -54*i + 249. Let n(a) = -5*g(a) - 3*v(a). Let s be n(4). Let c(k) = -17*k - 1. Give c(s).
-18
Let y(i) = 76*i + 177. Let l(p) = -75*p - 142. Let v(b) = 5*l(b) + 4*y(b). Calculate v(1).
-73
Let q(l) be the second derivative of l**4/6 - 5*l**3/6 - 14*l**2 - 2*l - 1. Let y(u) be the first derivative of q(u). Give y(4).
11
Let c(a) = a - 4. Let i = 63 - 39. Suppose -i*x + 19*x = -65. Give c(x).
9
Let c(l) = -11*l**2 - 193984 + l**3 + 2*l + 4*l**2 + 0*l**3 + 193973. Calculate c(7).
3
Let t(n) = 67*n**3 - 32*n**2 - 108*n + 51. Let o(r) = -31*r**3 + 16*r**2 + 51*r - 25. Let b(q) = -13*o(q) - 6*t(q). Calculate b(17).
53
Let s(c) = c**3 - 29*c**2 - 31*c + 32. Let q be s(30). Let n(o) = 10*o**2 + 1 + q*o - 26*o**2 - o**3 + 13*o**2. Give n(-4).
9
Let v(t) be the third derivative of t**6/60 + t**5/6 + 11*t**4/24 + 7*t**3/6 + 11670*t**2. Give v(-6).
-131
Let m(r) = 3*r**2 - 11*r - 6. Let y = 29674 - 29669. Calculate m(y).
14
Let o be 4 - (-1)/(3/3). Let y = 6 - o. Let k(r) be the third derivative of -r**5/60 - r**3/6 - 853*r**2. What is k(y)?
-2
Suppose -2*i - 3*o - 10 = 0, 38 = -i - 4*o + 28. Let t(x) = 3*x**3 + 2*x**2 + 5*x - 1. Give t(i).
-27
Let j(c) = c**3 - 25*c**2 + 124*c + 14. Let f be j(7). Let d(r) = 23*r + 5. Determine d(f).
5
Let l(w) = w**3 - 7*w**2 + 2*w - 16. Suppose 3*y - 2*y + 47 = o, -3*o + 136 = -2*y. Let h = o + -35. Let n be l(h). Let i(a) = -a**3 + 2*a + 1. Give i(n).
5
Let u be 4 + (-3 + 415/15)*3. Let r = 83 - u. Let a(o) = -o + 10. Give a(r).
5
Let g(f) = -27 + 8*f**3 + 3*f**3 + 26 + 2*f**2. Let m(s) = 2*s**3 + 17*s**2 - 118*s - 12. Let l be m(-13). What is g(l)?
12
Suppose 0 = -2*r + r + 2. Let t be -1*r*(2 - 7/2). Let h(g) = g**t + 14 - 7*g**2 - 3*g + 20 - 38 - 4*g. Determine h(8).
4
Suppose 2*q + 4 = -3*s - 5, 15 = 2*q - 5*s. Let l(y) = -37*y**3 + y + q - 4 + 36*y**3 + 3. Let f = 5 + -3. Determine l(f).
-7
Let t(v) = -401*v - v**2 - 5*v**2 - 436*v + 8 - 5*v**2 + 842*v. Determine t(-1).
-8
Let q(a) = -3*a**2 + 16*a + 8. Let u(f) = 2*f**2 - 2*f. Suppose -81*p = -39*p - 42. Let m(n) = p*q(n) + 2*u(n). What is m(-10)?
-12
Suppose -24 = -9*v - 6. Suppose -v*i + 20 = 2*z, 5*i - z = 9*i - 28. Let q(j) = 2*j - 1. Give q(i).
11
Let y(m) = -m**3 + 4*m**2 + 7*m - 4. Let v be (4 - -32 - 6)*(-1)/(-2). Suppose 58*a - 55*a - v = 0. Determine y(a).
6
Let c(